*z**2 - 3*z + 4. Calculate the remainder when r(7) is divided by 28.
25
Suppose -15*p = -17*p + 118. Calculate the remainder when p is divided by 12.
11
Calculate the remainder when (-6)/(-8) - 290/(-8) is divided by 13.
11
Let g(t) = -6*t**2 + t**3 - 4*t + 14*t + 2 - 5*t. Let h be g(5). Let i(k) = k**3 + 2*k**2 - 4*k + 3. What is the remainder when i(h) is divided by 4?
3
Suppose 0*i - 15*i + 1425 = 0. What is the remainder when i is divided by 25?
20
Suppose -62*u = -69*u + 196. What is the remainder when 110 is divided by u?
26
Let k(h) = h**3 - h**2 + 1. Let u be k(1). Suppose 7*p = u + 272. What is the remainder when p is divided by 14?
11
Suppose 26 + 61 = 3*l. Calculate the remainder when l + (0 - -3)/3 is divided by -1*16*(-1)/1.
14
Suppose -2*o = -3*o + 4. Suppose 0 = o*n - n - 75. Suppose b - 9 = -t, -5*t = -b + 10 + 23. Calculate the remainder when n is divided by b.
12
Let p(v) = v**2 - 4*v + 17. Calculate the remainder when p(9) is divided by 13.
10
Suppose 3*a = -2*q + 33, 2*q - 11 - 26 = a. What is the remainder when q is divided by 7?
4
Let k(o) = 2*o - 7. Suppose -3*d + 25 = 2*d. Let c be k(d). Suppose 32 = 5*v - c*v. Calculate the remainder when 61 is divided by v.
13
Suppose 2*g + 4 - 8 = 0. What is the remainder when 6 is divided by 8/3 + g/6?
0
Calculate the remainder when 31 is divided by 6/12*(-1 - -35).
14
Suppose -3*v = -v - 208. Suppose v = 5*j - 66. What is the remainder when j is divided by 18?
16
What is the remainder when (-57)/(-6)*(-1 + -3 + 6) is divided by 11?
8
Let n(o) = 6*o + 1. Suppose 5*m + 2*a + a = 250, -2*m + 4*a + 100 = 0. Calculate the remainder when m is divided by n(2).
11
Let y(o) = -6*o - 1. Let g(j) = -j. Let m(s) = -g(s) - y(s). Suppose 0 = 5*w + 5*h - 5, 0 = -w - h + 2*h + 1. What is the remainder when 30 is divided by m(w)?
6
Let h = -54 + 91. What is the remainder when h is divided by 13?
11
Suppose 0 = -5*r + r + 152. Let q = -27 + r. Suppose 0 = -s + 14 + 17. What is the remainder when s is divided by q?
9
Suppose -5*g + 35 = f, -4 = -g + f + 3. What is the remainder when g is divided by 16/3 - (-3)/(-9)?
2
Let y(u) = -18*u**3 - u**2 + 1. Let z be y(1). Let l be ((-2)/(-4))/(9/z). Let g = 2 - l. Calculate the remainder when g is divided by 1.
0
Let x(k) = k + 13. Let u be x(14). Let q = -19 + u. Calculate the remainder when 23 is divided by q.
7
Let s(u) = -6*u - 9. Let p = 123 + -80. Calculate the remainder when p is divided by s(-4).
13
Suppose 18*r = 21*r - 144. Calculate the remainder when 191 is divided by r.
47
Let o be ((-7)/2*-12)/2. Let d = 48 - o. Calculate the remainder when d is divided by (2/(-1))/(2/(-14)).
13
Suppose 2*j - 10 = 2*l, -j + 2*l + 11 = 3*l. Suppose -m = -0 - j. Calculate the remainder when m is divided by 3.
2
Suppose -5 + 46 = l + 2*f, -5*f = -2*l + 37. Calculate the remainder when l is divided by 8.
7
Let x(c) = -3*c + 5 + 2*c + 4. Suppose 5*t - 17 = -3*l, -3*l - l + 4 = 2*t. What is the remainder when x(t) is divided by 2?
1
Let a(y) be the first derivative of -9*y - 11/2*y**2 - 1 - 1/3*y**3. What is the remainder when a(-6) is divided by 11?
10
Calculate the remainder when (1 - 3)*2 + 33 is divided by 15.
14
Let q(p) = -p**3 + 11*p**2 + 2*p - 10. Calculate the remainder when q(10) is divided by 14.
12
Let k = 2 + 102. Suppose 4*d - k = 28. What is the remainder when d is divided by 10 - (4 + -3) - -3?
9
Suppose 0 = 2*f - 4*f + 6. What is the remainder when 14 is divided by (-4)/(-1*3/f)?
2
Suppose 2*k + 12 = 18. What is the remainder when 21 is divided by k?
0
Let d = 6 - 4. Suppose 0*t = d*t - 44. What is the remainder when t is divided by 6?
4
Let q = 45 - 26. Suppose 30*j - 657 = 21*j. Calculate the remainder when j is divided by q.
16
Let b be (-1 + 0)/(2 + -1). Let y be -4*(2 + b)*-1. Suppose -4*z + 13 = 3*f, -2*f - 3*f + 43 = -y*z. Calculate the remainder when f is divided by 4.
3
Let n = -94 - -151. Calculate the remainder when n is divided by 20.
17
Suppose -j - 4 = 0, q = -3*q + 5*j + 12. Let i = q - -25. Let f(k) = -2*k**3 + k**2 - k + 1. Calculate the remainder when f(-3) is divided by i.
21
Suppose -a - 11 = 4*i - 3, 3*i + 15 = 0. Let z = -4 + a. Calculate the remainder when 30 is divided by z.
6
Suppose -2*o = -6 - 56. Calculate the remainder when o is divided by 8.
7
Let h be 2 - 4 - -3 - -13. Suppose f = -3*w - 0*f + 20, -3*f + 18 = 3*w. What is the remainder when w is divided by (-5)/10 + h/4?
1
Let n = 4 + 2. Calculate the remainder when 8 is divided by n.
2
Suppose -3*g - 16 = -67. Calculate the remainder when 63 is divided by g.
12
Let o = -75 - -170. What is the remainder when o is divided by 48?
47
Let w(c) = -c**3 - 5*c**2 - 3*c + 1. Calculate the remainder when w(-5) is divided by 6.
4
Let s = 25 - 6. Calculate the remainder when 56 is divided by s.
18
Suppose x - 5*o - 58 = 0, 140 = 4*x - 5*o - 77. Suppose -4*q - 14 = -5*q. Calculate the remainder when x is divided by q.
11
Let y be 2/(-4) + 2/4. Let p = y - 0. Let z(v) = -v + 28. What is the remainder when z(p) is divided by 15?
13
Calculate the remainder when 27 is divided by ((-6)/(-4))/(21/140).
7
Suppose -5*u = -3 - 2. Suppose -i + 3 = -u. Suppose -3*g + 11 - 2 = 0. Calculate the remainder when i is divided by g.
1
Suppose -g - 2 = 0, 5*g + 1 = -2*l + 3. Calculate the remainder when 17 is divided by l.
5
Let n = 73 - 25. Calculate the remainder when n is divided by 13.
9
Suppose 4*h - 127 = 21. Calculate the remainder when h is divided by (18/(-27))/((-6)/117).
11
Let n(t) = 3*t - 5. Calculate the remainder when 1 is divided by n(2).
0
Suppose 3*h = -2*h - 10. Let g(k) = k + 2. Let s be g(h). Let j(v) = v**2 + v + 7. What is the remainder when 12 is divided by j(s)?
5
Suppose 18*f - 4 = 17*f. What is the remainder when 6 is divided by f?
2
Suppose -5*u - 10 = -j, 3*j = -2*j + 4*u + 29. Calculate the remainder when 13 is divided by j.
3
Suppose 4*o = -3*v + 169, 4*v = -o + 3*o - 112. Suppose 3*l = l + o. Calculate the remainder when 91 is divided by l.
22
Let w be (-3)/5 - 146/(-10). Let o = -3 + w. Let s(g) = -11*g - 2. Calculate the remainder when s(-2) is divided by o.
9
Let g(n) = n - 7. Let o be g(6). What is the remainder when (-1)/(o + (-108)/(-111)) is divided by 13?
11
Let r = 11 + 27. What is the remainder when r is divided by 10?
8
Suppose 0 = -2*c + 8 - 0. Suppose c = -2*f + 4*f. What is the remainder when f is divided by 2?
0
What is the remainder when 178 is divided by -1 - (-1 - -187)/(-6)?
28
Let s(t) = t**3 - 7*t**2 + t - 4. Suppose -5*x + 4*j + 30 = 0, -x - 2 + 8 = -5*j. Calculate the remainder when x is divided by s(7).
0
Suppose -5*s + 70 = -0*s. Suppose -2*y + 5 = -y. Calculate the remainder when s is divided by y.
4
Suppose 6*s - s - 180 = 0. Calculate the remainder when 107 is divided by s.
35
Let d = -1 + 4. Let p be d - (0 + 5) - -1. Calculate the remainder when (-1 + -36)*(0 + p) is divided by 13.
11
Let q = -86 + 161. What is the remainder when q is divided by 28?
19
Let y be 2*2/12*75. Suppose 0 = 2*k - 109 + y. Let q(i) = -i**2 + 15. What is the remainder when k is divided by q(0)?
12
Suppose 0 = -2*u + 4*t - 4, 3*u - t - 4 = -0*t. Suppose -8 - 21 = -4*s + 5*h, -4 = 4*h. Suppose s = 4*p - p. What is the remainder when u is divided by p?
0
Suppose 0*d - 2*d + 12 = 0. What is the remainder when 134/d - (-6)/9 is divided by 12?
11
Let r = -92 - -141. Calculate the remainder when r is divided by 10.
9
Let y(o) be the third derivative of o**6/120 + o**5/12 - o**4/6 + 2*o**3/3 + 8*o**2. What is the remainder when y(-4) is divided by 13?
10
What is the remainder when 2/(-6) - 61/(-3) is divided by 4/6*(-198)/(-12)?
9
Let m = -4 + 6. Let w(z) = z**2 + z. Calculate the remainder when w(1) is divided by m.
0
Let o = 54 + -14. Suppose 0*h - 4*h = -o. What is the remainder when 39 is divided by h?
9
Let h = -12 - -19. What is the remainder when h is divided by 6?
1
Let m = 7 - 1. Suppose 0 = b - 4*l - m, 5*l - 12 + 33 = 2*b. Calculate the remainder when (-200)/(-4) - (-2)/1 is divided by b.
16
Suppose -3*q + 4*z - 2*z = 9, -4*q + 2 = 2*z. What is the remainder when 36/16*(q + 25) is divided by 11?
10
Suppose -4*o - 94 = -14. Let t be (14/(-3))/((-18)/135). Let x = t + o. What is the remainder when 43 is divided by x?
13
Let y = -44 - -67. Suppose 0*r + 29 = 3